{"id":13,"date":"2016-12-21T09:01:58","date_gmt":"2016-12-21T08:01:58","guid":{"rendered":"http:\/\/weingutschreiber.de\/weingut\/?page_id=13"},"modified":"2026-03-03T11:25:36","modified_gmt":"2026-03-03T10:25:36","slug":"weine","status":"publish","type":"page","link":"https:\/\/weingutschreiber.de\/?page_id=13","title":{"rendered":"Weine"},"content":{"rendered":"<h1><strong>WEINE<\/strong><\/h1>\n<h2>UNSERE QUALIT\u00c4TSPYRAMIDE<\/h2>\n<p><img loading=\"lazy\" decoding=\"async\" class=\"alignnone wp-image-353\" src=\"http:\/\/weingutschreiber.de\/weingut\/wp-content\/uploads\/2016\/12\/Pyramide-300x162.jpg\" width=\"350\" height=\"190\" srcset=\"https:\/\/weingutschreiber.de\/wp-content\/uploads\/2016\/12\/Pyramide-300x162.jpg 300w, https:\/\/weingutschreiber.de\/wp-content\/uploads\/2016\/12\/Pyramide-768x416.jpg 768w, https:\/\/weingutschreiber.de\/wp-content\/uploads\/2016\/12\/Pyramide-1024x554.jpg 1024w, https:\/\/weingutschreiber.de\/wp-content\/uploads\/2016\/12\/Pyramide.jpg 1086w\" sizes=\"auto, (max-width: 350px) 100vw, 350px\" \/><\/p>\n<p><strong>Top-Rotweine und Lagenweine<\/strong><br \/>\n<span style=\"color: #ffcc99;\"><strong>&gt;<\/strong><\/span> reduzierter Ertrag auf eine Traube \u2028pro Trieb<br \/>\n<span style=\"color: #ffcc99;\"><strong>&gt;<\/strong><\/span> Herkunft der Trauben aus der besten \u2028Parzelle innerhalb einer Lage<br \/>\n<span style=\"color: #ffcc99;\"><strong>&gt;<\/strong><\/span> aus der Abenheimer Weinbergslage \u2028\u00bbKlausenberg\u00ab, unserer Einzellage vor \u2028der \u00bbKapelle\u00ab sowie der Herrnsheimer Lage \u00bbSchloss\u00ab<br \/>\n<span style=\"color: #ffcc99;\"><strong>&gt;<\/strong><\/span> besonders intensive Weinbergsarbeit, \u2028Lese der Trauben von Hand \u2028mit mehreren Durchg\u00e4ngen<br \/>\n<span style=\"color: #ffcc99;\"><strong>&gt;<\/strong><\/span> l\u00e4ngere Reife<br \/>\n<span style=\"color: #ffcc99;\"><strong>&gt;<\/strong><\/span> klassiche Men\u00fcweine<\/p>\n<p><strong>Ortsweine<\/strong><br \/>\n<span style=\"color: #ff9900;\"><strong>&gt;<\/strong><\/span> Trauben aus unseren Weinbergen \u2028in Abenheim, Herrnsheim und Osthofen<br \/>\n<span style=\"color: #ff9900;\"><strong>&gt;<\/strong><\/span> sp\u00e4t geerntete und selektionierte Trauben<br \/>\n<span style=\"color: #ff9900;\"><strong>&gt;<\/strong><\/span> gepr\u00e4gt von der Herkunft und vom \u2028Jahrgang<br \/>\n<span style=\"color: #ff9900;\"><strong>&gt;<\/strong><\/span> tolle Essensbegleiter<\/p>\n<p><strong>Gutsweine<\/strong><br \/>\n<span style=\"color: #800000;\"><strong>&gt;<\/strong><\/span> fruchtig und frisch<br \/>\n<span style=\"color: #800000;\"><strong>&gt;<\/strong><\/span> typisch f\u00fcr die Region<br \/>\n<span style=\"color: #800000;\"><strong>&gt;<\/strong><\/span> Genussvoll als Essensbegleiter s\u00fcffig und harmonisch<br \/>\n<span style=\"color: #800000;\"><strong>&gt;<\/strong><\/span> f\u00fcr den t\u00e4glichen Genuss<\/p>\n<h2>PASSION FOR WINE<\/h2>\n<p>Erkunden Sie unser vielf\u00e4ltiges Angebot an Weinen und Sekte in unserer Online-Vinothek.<\/p>\n<p><a href=\"https:\/\/weinstore.net\/webshop\/19.0\/index.php?shop_id=Z0lsUgANz4IZ1UucV68Gcg==&amp;user_id=Z0lsUgANxoK8gEtqQ7Ge0w==&amp;&amp;site=startpage\" target=\"_blank\" rel=\"noopener noreferrer\"><img loading=\"lazy\" decoding=\"async\" class=\"alignnone wp-image-249 size-thumbnail\" src=\"https:\/\/weingutschreiber.de\/wp-content\/uploads\/2016\/12\/Button-zum-Shop-150x150.png\" alt=\"\" width=\"150\" height=\"150\" srcset=\"https:\/\/weingutschreiber.de\/wp-content\/uploads\/2016\/12\/Button-zum-Shop-150x150.png 150w, https:\/\/weingutschreiber.de\/wp-content\/uploads\/2016\/12\/Button-zum-Shop-300x300.png 300w, https:\/\/weingutschreiber.de\/wp-content\/uploads\/2016\/12\/Button-zum-Shop-100x100.png 100w, https:\/\/weingutschreiber.de\/wp-content\/uploads\/2016\/12\/Button-zum-Shop.png 478w\" sizes=\"auto, (max-width: 150px) 100vw, 150px\" \/><\/a><\/p>\n<h2>UNSERE REBSORTEN<\/h2>\n<p><strong>Cabernet Sauvignon<\/strong><br \/>\nHerkunft schwer zu ergr\u00fcnden, \u2028Heimat vielleicht Midigebiet (Frankreich) oder Ebro Tal (Spanien). Kr\u00e4ftiger Rotwein mit fruchtigem Duft.<\/p>\n<p><strong>Chardonnay<\/strong><br \/>\nSoll von den Kreuzrittern nach Frankreich gebracht worden sein. Seit Mitte der 1990er Jahre in Deutschland klassifiziert. Die Rebsorte liefert sehr hochwertige Wei\u00dfweine. Er zeichnet sich vor allem durch K\u00f6rperreichtum aus.<\/p>\n<p><strong>Dornfelder<\/strong><br \/>\nKreuzung aus Heroldrebe\u2009x\u2009Helfensteiner. Liefert farbintensive Rotweine mit frankophilem Charakter.<\/p>\n<p><strong>Gelber Muskat<\/strong><strong>eller<\/strong><br \/>\nGeh\u00f6rt zu den \u00e4ltesten Rebsorten der Welt, Herkunft Vorderasien. Der Wein ist fruchtbetont und frisch, kann auch w\u00fcrzige Dessertweine liefern.<\/p>\n<p><strong>Gew\u00fcrztraminer<\/strong><br \/>\nBeheimatet in S\u00fcdosteuropa, seit dem Mittelalter in Deutschland. Der Wein hat einen ausgepr\u00e4gten Rosenduft und wird trocken wie lieblich ausgebaut.<\/p>\n<p><img loading=\"lazy\" decoding=\"async\" class=\"alignnone wp-image-243 size-medium\" src=\"http:\/\/weingutschreiber.de\/weingut\/wp-content\/uploads\/2016\/12\/WeingutDrSchreiber_LowRes_16945_0001-300x200.jpg\" width=\"300\" height=\"200\" srcset=\"https:\/\/weingutschreiber.de\/wp-content\/uploads\/2016\/12\/WeingutDrSchreiber_LowRes_16945_0001-300x200.jpg 300w, https:\/\/weingutschreiber.de\/wp-content\/uploads\/2016\/12\/WeingutDrSchreiber_LowRes_16945_0001-768x512.jpg 768w, https:\/\/weingutschreiber.de\/wp-content\/uploads\/2016\/12\/WeingutDrSchreiber_LowRes_16945_0001-1024x683.jpg 1024w, https:\/\/weingutschreiber.de\/wp-content\/uploads\/2016\/12\/WeingutDrSchreiber_LowRes_16945_0001.jpg 1680w\" sizes=\"auto, (max-width: 300px) 100vw, 300px\" \/><img loading=\"lazy\" decoding=\"async\" class=\"alignnone wp-image-244 size-medium\" src=\"http:\/\/weingutschreiber.de\/weingut\/wp-content\/uploads\/2016\/12\/WeingutDrSchreiber_LowRes_16975_0006-300x200.jpg\" width=\"300\" height=\"200\" srcset=\"https:\/\/weingutschreiber.de\/wp-content\/uploads\/2016\/12\/WeingutDrSchreiber_LowRes_16975_0006-300x200.jpg 300w, https:\/\/weingutschreiber.de\/wp-content\/uploads\/2016\/12\/WeingutDrSchreiber_LowRes_16975_0006-768x512.jpg 768w, https:\/\/weingutschreiber.de\/wp-content\/uploads\/2016\/12\/WeingutDrSchreiber_LowRes_16975_0006-1024x683.jpg 1024w, https:\/\/weingutschreiber.de\/wp-content\/uploads\/2016\/12\/WeingutDrSchreiber_LowRes_16975_0006.jpg 1680w\" sizes=\"auto, (max-width: 300px) 100vw, 300px\" \/><\/p>\n<p><strong>Grauburgunder\/Rul\u00e4nder<\/strong><br \/>\nKam \u00fcber das Burgund nach Deutschland. Soll 1711 von einem Kaufmann aus\u00a0Speyer\u2028namens Johann Seger Ruland\u00a0in einem verwilderten Weinberg gefunden worden sein. S\u00e4urearm aber k\u00f6rper- und extraktreich. Der Rul\u00e4nderstil ist opulent und s\u00fc\u00df.<\/p>\n<p><strong>Merlot<\/strong><br \/>\nIm Bordeaux schon vor dem 19. Jhd. \u2028erw\u00e4hnt. Wein ist dunkelrot und kr\u00e4ftig. Oft ist er im Cuv\u00e9e mit Cabernet \u2028Sauvignon zu finden.<\/p>\n<p><strong>Ortega<\/strong><br \/>\nKreuzung aus M\u00fcller-Thurgau\u2009\u2028x\u2009Siegerrebe. Sehr hochwertiger Wein, windgesch\u00fctzte Lagen erforderlich.<\/p>\n<p><strong>Portugieser<\/strong><br \/>\nAlte Rebsorte, liefert die typischen rheinhessischen Wei\u00dfherbste, aber auch tolle samtige Rotweine.<\/p>\n<p><strong>Regent<\/strong><br \/>\nRotwein-Kreuzung aus Diana \u2028(Silvaner\u2009x\u2009M\u00fcller-Thurgau)\u2009\u2028x\u2009Chambourcin. Er liefert farbintensive und fruchtige Rotweine.<\/p>\n<p><strong>Riesling<\/strong><br \/>\nEine der \u00e4ltesten Rebsorten und K\u00f6nig unter den Wei\u00dfweinen, liefert mit die besten und lagerf\u00e4higsten Weine.<\/p>\n<p><strong>Rivaner\/M\u00fcller-Thurgau<\/strong><br \/>\nKreuzung aus Riesling\u2009x\u2009Gutedel, \u00e4lteste \u00bbNeuzucht\u00ab.<\/p>\n<p><strong>Sauvignon blanc<\/strong><br \/>\nFr\u00fcher als Muskat-Sylvaner bezeichnet, heute nur noch als Sauvignon blanc bekannt. Liefert sehr fruchtige Wei\u00dfweine.<\/p>\n<p><strong>Scheurebe<\/strong><br \/>\nKreuzung aus Silvaner\u2009x\u2009Riesling. Feiner Duft nach schwarzen \u2028Johannisbeeren.<\/p>\n<p><strong>Siegerrebe<\/strong><br \/>\nKreuzung aus Madeleine angevine \u2028x\u2009Gew\u00fcrztraminer. Die Siegerrebe geh\u00f6rt zu den fr\u00fchesten Sorten, die es gibt.<\/p>\n<p><strong>Silvaner<\/strong><br \/>\nSehr alte Rebsorte, liefert sehr konstante Weinqualit\u00e4ten.<\/p>\n<p><strong>Sp\u00e4tburgunder<\/strong><br \/>\nDen Wildreben Westeuropas nahestehend, wurde er schon zur Zeit der R\u00f6mer kultiviert. \u00dcber das Burgund kam die Rebsorte 884 an den Bodensee. Sehr hochwertige\u00a0Rebsorte\u00a0f\u00fcr\u00a0Rotweine, Wei\u00dfherbste\/blanc de noirs sowie Sekte.<\/p>\n<p><strong>St. Laurent<\/strong><br \/>\n\u00c4ltestes Vorkommen im Elsa\u00df um die Mitte des letzten Jahrhunderts. Der Name wurde vermutlich vom Namensparton \u2028St. Lorenz (10. August) abgeleitet. Liefert tiefrote, vollfruchtig samtige Rotweine.<\/p>\n<p><strong>Syrah<\/strong><br \/>\nSie ist eine nicht sehr ertragreiche, daf\u00fcr aber hochwertige\u00a0Rotweinsorte, die urspr\u00fcnglich vor allem im\u00a0franz\u00f6sischen Rhonetal\u00a0kultiviert wurde. In der neuen Weinwelt hei\u00dft die Sorte\u00a0Shiraz.<\/p>\n<p><strong>Wei\u00dfburgunder<\/strong><br \/>\nAlte wei\u00dfe Mutation aus der Burgunderfamilie (Sp\u00e4tburgunder, mutiert zu Grauburgunder, mutiert zu Wei\u00dfburgunder). Liefert frische und fruchtige Wei\u00dfweine von feiner Eleganz.<\/p>\n","protected":false},"excerpt":{"rendered":"<p>WEINE UNSERE QUALIT\u00c4TSPYRAMIDE Top-Rotweine und Lagenweine &gt; reduzierter Ertrag auf eine Traube \u2028pro Trieb &gt; Herkunft der Trauben aus der besten \u2028Parzelle innerhalb einer Lage &gt; aus der Abenheimer Weinbergslage \u2028\u00bbKlausenberg\u00ab, unserer Einzellage vor \u2028der \u00bbKapelle\u00ab sowie der Herrnsheimer Lage \u00bbSchloss\u00ab &gt; besonders intensive Weinbergsarbeit, \u2028Lese der Trauben von Hand \u2028mit mehreren Durchg\u00e4ngen &gt; l\u00e4ngere &hellip; <\/p>\n<p class=\"link-more\"><a href=\"https:\/\/weingutschreiber.de\/?page_id=13\" class=\"more-link\"><span class=\"screen-reader-text\">\u201eWeine\u201c<\/span> weiterlesen<\/a><\/p>\n","protected":false},"author":1,"featured_media":542,"parent":0,"menu_order":0,"comment_status":"closed","ping_status":"closed","template":"","meta":{"footnotes":""},"class_list":["post-13","page","type-page","status-publish","has-post-thumbnail","hentry"],"_links":{"self":[{"href":"https:\/\/weingutschreiber.de\/index.php?rest_route=\/wp\/v2\/pages\/13","targetHints":{"allow":["GET"]}}],"collection":[{"href":"https:\/\/weingutschreiber.de\/index.php?rest_route=\/wp\/v2\/pages"}],"about":[{"href":"https:\/\/weingutschreiber.de\/index.php?rest_route=\/wp\/v2\/types\/page"}],"author":[{"embeddable":true,"href":"https:\/\/weingutschreiber.de\/index.php?rest_route=\/wp\/v2\/users\/1"}],"replies":[{"embeddable":true,"href":"https:\/\/weingutschreiber.de\/index.php?rest_route=%2Fwp%2Fv2%2Fcomments&post=13"}],"version-history":[{"count":31,"href":"https:\/\/weingutschreiber.de\/index.php?rest_route=\/wp\/v2\/pages\/13\/revisions"}],"predecessor-version":[{"id":843,"href":"https:\/\/weingutschreiber.de\/index.php?rest_route=\/wp\/v2\/pages\/13\/revisions\/843"}],"wp:featuredmedia":[{"embeddable":true,"href":"https:\/\/weingutschreiber.de\/index.php?rest_route=\/wp\/v2\/media\/542"}],"wp:attachment":[{"href":"https:\/\/weingutschreiber.de\/index.php?rest_route=%2Fwp%2Fv2%2Fmedia&parent=13"}],"curies":[{"name":"wp","href":"https:\/\/api.w.org\/{rel}","templated":true}]}}