{"id":15,"date":"2016-12-21T09:02:13","date_gmt":"2016-12-21T08:02:13","guid":{"rendered":"http:\/\/weingutschreiber.de\/weingut\/?page_id=15"},"modified":"2026-03-03T11:21:04","modified_gmt":"2026-03-03T10:21:04","slug":"veranstaltungen","status":"publish","type":"page","link":"https:\/\/weingutschreiber.de\/?page_id=15","title":{"rendered":"Veranstaltungen"},"content":{"rendered":"\n<h1 class=\"wp-block-heading\"><strong>VERANSTALTUNGEN<\/strong><\/h1>\n\n\n\n<p>\u00dcber das Jahr bieten wir verschiedene Veranstaltungen in unserem Weingut an. Hierbei werden Sie unsere Weine, unser Weingut und unsere Weinberge kennen lernen. Besuchen Sie uns doch einfach mit Ihren Freunden, Bekannten oder Gesch\u00e4ftsfreunden bei der einen oder anderen Veranstaltung.<\/p>\n\n\n\n<p><span style=\"color: #000000;\"><strong>Weinproben<\/strong><\/span><br>Ab 8 Personen bieten wir Ihnen eine kommentierte Weinprobe an. Gerne stellen wir Ihnen dabei eine Auswahl unserer Weine vor und geben interessante Einblicke rund um Herkunft und Ausbau.<br><br>W\u00e4hrend der Weinprobe besteht zudem die M\u00f6glichkeit, verschiedene Speisen zu servieren.<br><br>In den Wintermonaten ist die Teilnehmerzahl auf maximal 12 Personen begrenzt.<br><br>Sprechen Sie uns einfach an, damit wir einen passenden Termin f\u00fcr Sie finden und ein entsprechendes Arrangement zusammenstellen k\u00f6nnen.<br><br>Alle Preise auf Anfrage.<br><br>Gerne vermitteln wir Ihnen im Anschluss auch ein Restaurant oder eine Gutssch\u00e4nke, falls Sie den Abend mit einem gemeinsamen Essen ausklingen lassen m\u00f6chten.<br><\/p>\n\n\n\n<p class=\"has-text-color\" style=\"color:#5e0a0a\"><span style=\"color: #8b0e13;\"><strong>Aktuelle Veranstaltungen<\/strong><\/span><\/p>\n\n\n\n<h3 class=\"wp-block-heading\"><strong>\/ \/ \/ \/ \/&nbsp;&nbsp; Wormser Weinmeile<\/strong><\/h3>\n\n\n\n<p class=\"has-text-color\" style=\"color:#740000\"><strong>23. bis 26. April 2026<\/strong><\/p>\n\n\n\n<p>Die Wormser Weinmeile ist ein tolles Weinfest in der Wormser Innenstadt, wo man bei verschiedenen Winzern Weine verkosten kann und die ersten warmen Tage des Jahres genie\u00dfen kann. Wir pr\u00e4sentieren am Luther-Denkmal, zusammen mit dem Weingut Schneickert aus Worms, unsere Weine. Mit einem Probierpass kann man ganz verschiedene Weine an den unterschiedlichen St\u00e4nden verkosten und sich somit ein Bild des Wormser Weines verschaffen. Ein Besuch lohnt sich!<strong><span style=\"color: #800000;\"><\/span><\/strong><\/p>\n\n\n\n<h3 class=\"wp-block-heading\"><strong>\/ \/ \/ \/ \/&nbsp;&nbsp; Weinpr\u00e4sentation am Pfingstsonntag<\/strong><\/h3>\n\n\n\n<p class=\"has-text-color\" style=\"color:#740000\"><strong>24. Mai 2026, von 11-18 Uhr<\/strong><\/p>\n\n\n\n<p>Verkosten Sie unsere aktuelle Kollektion! An diesem Tag gew\u00e4hren wir Ihnen 10% Preisnachlass auf Ihren Weineinkauf. F\u00fcr Speis und Trank ist gesorgt.<br>Genie\u00dfen Sie den Live-Jazz mit den \u00bbRed-Hot-Dixie-Devils\u00ab.<\/p>\n\n\n\n<h3 class=\"wp-block-heading\"><strong><strong>\/ \/ \/ \/ \/&nbsp;&nbsp; Wei\u00dfwein-Party<\/strong><\/strong><\/h3>\n\n\n\n<p class=\"has-text-color\" style=\"color:#740000\"><strong>Samstag, den 30.05.2026<\/strong><\/p>\n\n\n\n<p>Die Abenheimer Winzer feiern! In zwei H\u00f6fen werden bei guter Musik und tollem Essen die Wei\u00dfweine der Abenheimer Winzer zu verkosten sein.<\/p>\n\n\n\n<h3 class=\"wp-block-heading\"><strong>\/ \/ \/ \/ \/   Neu-Isenburger Weinfest<\/strong><\/h3>\n\n\n\n<p class=\"has-text-color\" style=\"color:#740000\"><strong>Freitag den 07.08.2026 bis Sonntag den 16.08.2026<\/strong><\/p>\n\n\n\n<p>Das Neu-Isenburger Weinfest ist ein Highlight im Hessischen, N\u00e4he Frankfurt. Jeder Tag ab 17 Uhr bis 23 Uhr, freitags und samstags bis 24 Uhr, k\u00f6nnen Sie Weine und Sekte in fr\u00f6hlicher Runde genie\u00dfen. Wir freuen uns auf Ihr Kommen.<\/p>\n\n\n\n<h3 class=\"wp-block-heading\"><strong>\/ \/ \/ \/ \/   Jazz &amp; Joy<\/strong><\/h3>\n\n\n\n<p class=\"has-text-color\" style=\"color:#740000\"><strong>Freitag den 21.08.2026 bis Sonntag den 23.08.2026<\/strong><\/p>\n\n\n\n<p>Jazz wohin man schaut. Auf verschiedenen Pl\u00e4tzen in Worms spielen von Freitag bis Sonntag unterschiedliche Bands Jazzmusik in allen Varianten. Wir stehen mit dem Weingut Keller aus Worms auf dem Weckerlingplatz, vor dem Andreasstift, einem der sch\u00f6nsten Pl\u00e4tze des Festivals. Genie\u00dfen Sie die tolle Atmosph\u00e4re bei guter Musik und auserlesenen Weinen.<\/p>\n\n\n\n<h3 class=\"wp-block-heading\"><strong>\/ \/ \/ \/ \/   Wormser Backfischfest<\/strong><\/h3>\n\n\n\n<p class=\"has-text-color\" style=\"color:#740000\"><strong>Samstag den 29.08.2026 bis Sonntag den 06.09.2026<\/strong><\/p>\n\n\n\n<p>In Worms findet das traditionelle Wormser Backfischfest statt. Es ist eine Mischung aus Wein- und Volksfest, die das Backfischfest so unverwechselbar macht. Freuen Sie sich auf das gr\u00f6\u00dfte Volksfest am Rhein und besuchen Sie das \u201eWeinzelt\u201c des Wonnegauer Weinkellers, wo Sie Weine und Sekte aus der Region verkosten k\u00f6nnen.<\/p>\n\n\n\n<h3 class=\"wp-block-heading\"><strong>\/ \/ \/ \/ \/&nbsp;&nbsp; Weinlagenwanderung im Herbst 2026<\/strong><\/h3>\n\n\n\n<p class=\"has-text-color\" style=\"color:#740000\"><strong>05.09.2026 \/ 12.09.2026<strong> \/ 19.09.2026<\/strong> \/ 26.09.2026<\/strong><\/p>\n\n\n\n<p>Im Herbst 2026 veranstalten wir wieder unsere beliebten Herbstwanderungen durch unsere Weinberge, zu denen wir Sie und Ihre Freunde sehr herzlich einladen m\u00f6chten.<\/p>\n\n\n\n<p>Die Termine sind samstags, den 05.09.2026, 12.09.2026, 19.09.2026 und 26.09.2026. Wir werden um 11:00 Uhr mit der Wanderung beginnen. Trauben und Weine probieren und unser Mittagsessen im Weinberg zu uns nehmen. Nach Beendigung der Wanderung feiern wir im Weingut unser Herbstfest mit einem deftigen Abendessen und unseren Weinen. Mit Musik und Tanz lassen wir den Tag ausklingen.&nbsp;<\/p>\n\n\n\n<p>Teilen Sie uns einfach schriftlich mit, mit wie vielen Personen Sie an welchem Termin teilnehmen m\u00f6chten. \u00dcbernachtungsm\u00f6glichkeiten gibt es auch, ein Zimmernachweis kann bei uns angefordert werden; den Hoteltransfer ab 21:00 Uhr nach dem Herbstfest \u00fcbernehmen nat\u00fcrlich wir!<\/p>\n\n\n\n<p>Bitte melden Sie sich per E-Mail dazu an. Hierzu ben\u00f6tigen wir den gew\u00fcnschten Termin, die Anzahl der Teilnehmer, deren Namen und Anschrift.<\/p>\n\n\n\n<p><a href=\"mailto: mail@weingutschreiber.de\">Anmeldung per E-Mail<\/a><\/p>\n\n\n\n<p>Um Ihnen die Suche nach einer \u00dcbernachtungsm\u00f6glichkeit zu erleichtern, bieten wir Ihnen eine <a href=\"https:\/\/weingutschreiber.de\/wp-content\/uploads\/2025\/04\/Hotelliste-Schreiber-Stand-April-2025.pdf\">Hotelliste<\/a> zum download an.<\/p>\n\n\n\n<h3 class=\"wp-block-heading\"><strong>\/ \/ \/ \/ \/&nbsp;&nbsp; Wormser Weinmesse<\/strong><\/h3>\n\n\n\n<p class=\"has-text-color\" style=\"color:#6b0000\"><strong>07. und 08. November 2026<\/strong><\/p>\n\n\n\n<p>Die Wormser Weinmesse ist ein fester Bestandteil im Verkostungsrahmen unseres Weingutes. Im \u201eWormser\u201c haben Sie die M\u00f6glichkeit, verschiedenste Weine aus Worms und der Region zu verkosten. Nat\u00fcrlich sind auch unsere Weine mit dabei, wir freuen uns auf Sie!<\/p>\n\n\n\n<h3 class=\"wp-block-heading\"><strong>\/ \/ \/ \/ \/&nbsp;&nbsp; Adventsfenster<\/strong><\/h3>\n\n\n\n<p><strong><span style=\"color: #800000;\">19. Dezember 2026, ab 18:00 Uhr<\/span><\/strong><\/p>\n\n\n\n<p>Musik mit den Red Hot Dixie-Devils!<br>Gl\u00fchwein &amp; Kinderpunsch, Weine und Sekte an der Outdoor-Bar.<br>F\u00fcr das leibliche Wohl ist gesorgt.<br>Der Erl\u00f6s vom Gl\u00fchwein wird gespendet.<\/p>\n\n\n\n<p><strong>Wir freuen uns auf Ihr Kommen!<\/strong><\/p>\n\n\n\n<figure class=\"wp-block-image\"><a href=\"https:\/\/weinstore.net\/webshop\/19.0\/index.php?shop_id=Z0lsUgANz4IZ1UucV68Gcg==&amp;user_id=Z0lsUgANxoK8gEtqQ7Ge0w==&amp;&amp;site=startpage\" target=\"_blank\" rel=\"noopener noreferrer\"><img loading=\"lazy\" decoding=\"async\" width=\"150\" height=\"150\" src=\"https:\/\/weingutschreiber.de\/wp-content\/uploads\/2016\/12\/Button-zum-Shop-150x150.png\" alt=\"\" class=\"wp-image-249\" srcset=\"https:\/\/weingutschreiber.de\/wp-content\/uploads\/2016\/12\/Button-zum-Shop-150x150.png 150w, https:\/\/weingutschreiber.de\/wp-content\/uploads\/2016\/12\/Button-zum-Shop-300x300.png 300w, https:\/\/weingutschreiber.de\/wp-content\/uploads\/2016\/12\/Button-zum-Shop-100x100.png 100w, https:\/\/weingutschreiber.de\/wp-content\/uploads\/2016\/12\/Button-zum-Shop.png 478w\" sizes=\"auto, (max-width: 150px) 100vw, 150px\" \/><\/a><\/figure>\n\n\n\n<p><\/p>\n","protected":false},"excerpt":{"rendered":"<p>VERANSTALTUNGEN \u00dcber das Jahr bieten wir verschiedene Veranstaltungen in unserem Weingut an. Hierbei werden Sie unsere Weine, unser Weingut und unsere Weinberge kennen lernen. Besuchen Sie uns doch einfach mit Ihren Freunden, Bekannten oder Gesch\u00e4ftsfreunden bei der einen oder anderen Veranstaltung. WeinprobenAb 8 Personen bieten wir Ihnen eine kommentierte Weinprobe an. Gerne stellen wir Ihnen &hellip; <\/p>\n<p class=\"link-more\"><a href=\"https:\/\/weingutschreiber.de\/?page_id=15\" class=\"more-link\"><span class=\"screen-reader-text\">\u201eVeranstaltungen\u201c<\/span> weiterlesen<\/a><\/p>\n","protected":false},"author":1,"featured_media":538,"parent":0,"menu_order":0,"comment_status":"closed","ping_status":"closed","template":"","meta":{"footnotes":""},"class_list":["post-15","page","type-page","status-publish","has-post-thumbnail","hentry"],"_links":{"self":[{"href":"https:\/\/weingutschreiber.de\/index.php?rest_route=\/wp\/v2\/pages\/15","targetHints":{"allow":["GET"]}}],"collection":[{"href":"https:\/\/weingutschreiber.de\/index.php?rest_route=\/wp\/v2\/pages"}],"about":[{"href":"https:\/\/weingutschreiber.de\/index.php?rest_route=\/wp\/v2\/types\/page"}],"author":[{"embeddable":true,"href":"https:\/\/weingutschreiber.de\/index.php?rest_route=\/wp\/v2\/users\/1"}],"replies":[{"embeddable":true,"href":"https:\/\/weingutschreiber.de\/index.php?rest_route=%2Fwp%2Fv2%2Fcomments&post=15"}],"version-history":[{"count":145,"href":"https:\/\/weingutschreiber.de\/index.php?rest_route=\/wp\/v2\/pages\/15\/revisions"}],"predecessor-version":[{"id":838,"href":"https:\/\/weingutschreiber.de\/index.php?rest_route=\/wp\/v2\/pages\/15\/revisions\/838"}],"wp:featuredmedia":[{"embeddable":true,"href":"https:\/\/weingutschreiber.de\/index.php?rest_route=\/wp\/v2\/media\/538"}],"wp:attachment":[{"href":"https:\/\/weingutschreiber.de\/index.php?rest_route=%2Fwp%2Fv2%2Fmedia&parent=15"}],"curies":[{"name":"wp","href":"https:\/\/api.w.org\/{rel}","templated":true}]}}